s be y(4). Let a = 90 - s. Suppose 3*w = -9, 3*m + 5*w + a = 7*m. Is m prime?
False
Let r be (188/(-6))/(2/(-24)). Suppose -s + 5 = 0, -3*o + 3*s - 2*s = -r. Is o composite?
False
Let t(y) = -y**3 + 4 + 1 - 3*y + 6*y**2 - y. Let o = 8 + -3. Is t(o) a composite number?
True
Let g(p) be the second derivative of -p**5/20 - 5*p**4/12 - p**3/6 + 7*p**2/2 + 5*p. Is g(-6) a prime number?
False
Let d be 306/10 - 2/(-5). Suppose -107 = -4*n - z, 2*n + 2*z - d = -3*z. Let a = n + -2. Is a composite?
True
Let n(h) = -h**3 - 4*h**2 + 8*h - 13. Let w(z) = z**3 + 5*z**2 - 8*z + 12. Let a(j) = -5*n(j) - 6*w(j). Let x be a(-11). Let b = x - -27. Is b composite?
False
Let l(i) = i + 3. Suppose 0 = 5*t - 5*j - 5, -j = 3*t - 2*j - 9. Suppose 0 = -5*h + t*h + 11. Is l(h) a composite number?
True
Let r = 21 + 7. Let o be (-150)/(-14) + 8/r. Let h(u) = u**2 - 2*u - 2. Is h(o) a prime number?
True
Let b = -142 - -1873. Suppose 5*h = 4*t + b, 0 = 5*h - 0*t + 4*t - 1739. Is h prime?
True
Suppose 2*v - 4*v = -6. Let c(i) = -3 - i**2 + i**2 + 3*i + 4*i**v. Is c(2) prime?
False
Let u(c) = -c**3 - 7*c**2 - 6*c + 2. Let i be u(-6). Let h be -1 + i - 65*-1. Suppose -3*o - h = -573. Is o composite?
True
Is (-1596)/18*(-6)/4 a prime number?
False
Let l(m) = -2*m + 2 + 1 + 3. Is l(-8) a composite number?
True
Let h be -1 - (-3)/(-3)*-3. Is (-5*2)/(h/(-13)) a composite number?
True
Suppose 2*x = 4*p + p - 569, p = -3*x + 107. Suppose -t - t - l = -p, 3*t + 2*l = 171. Suppose -2*a = -a - t. Is a composite?
True
Suppose -4*u + 3081 = -k, 2*u = -u - 2*k + 2297. Is u composite?
False
Let n = 3 - 0. Suppose 3*p - h - 565 = -3*h, -15 = -n*h. Is p composite?
True
Suppose 5*z + 0*z = 0. Suppose -5*g + 31 = -4*m - 2, -6 = 3*m. Suppose 0 = 3*r, h - 93 = -z*r + g*r. Is h a prime number?
False
Suppose -j + 2335 = 4*j. Is j prime?
True
Suppose -3*t + 55 = 2*t. Suppose -4*o = -4*m - 20, -2*m = -4*o + 7 + t. Suppose -5*g - o*y = -30, 2*g - 3 = -2*y + 11. Is g a prime number?
True
Suppose 3 - 15 = -4*z. Suppose 4*q + 4*k + 10 = 46, -24 = -z*q - 2*k. Suppose 0 = 2*d + 3*i - 115, 3*i - q = 3. Is d a composite number?
False
Let r(b) = 2*b**2 + 7. Let c be ((-18)/(-10))/((-24)/(-80)). Is r(c) prime?
True
Let m(o) = 63*o + 2. Let y be m(2). Suppose -3*n + 138 = 3*v, -3*v - n - 4*n + y = 0. Is v a composite number?
True
Let n = -4 - 1. Let l(d) = d + 7. Let o be l(n). Is (-2775)/(-35) + o/(-7) prime?
True
Suppose 3*n = -5*g + 29, 0*n = -5*n - 5*g + 35. Let i = 3 - n. Suppose 3*m - 159 + 48 = i. Is m a prime number?
True
Is ((-12)/(-18))/((-2)/(-753)) a composite number?
False
Suppose -3*k = 3*f - 12972, 0 = 3*k - f - 4849 - 8135. Is k composite?
False
Let t be ((-9)/(-4))/(15/40). Let q(r) be the first derivative of r**3/3 - 3*r**2/2 + r + 2. Is q(t) a prime number?
True
Let d = 7 + 0. Let z(s) = -5*s - d + 7. Is z(-3) a composite number?
True
Let g(w) = w**3 - 5*w**2 + 11*w + 11. Is g(12) composite?
False
Let u = -137 + 597. Suppose -z - 4*z = -u. Suppose 0*j - 4*j + z = 0. Is j a composite number?
False
Let b(n) = n**2 - 2*n - 5. Let p be b(4). Let z(a) = 3*a**3 - a**2 - 3*a + 4. Is z(p) a prime number?
True
Suppose 2*o - 5*o + 8457 = 0. Is o a prime number?
True
Let m(q) be the third derivative of 23*q**4/24 + q**2. Let n be (-6)/3 + 12/4. Is m(n) a prime number?
True
Suppose 0*z + 2*z = -3*y + 7, -2*y + 4*z = -26. Suppose 7*x + 3*x = 40. Suppose -s - 35 = -y*k, s + 1 = -x. Is k prime?
False
Suppose 0 = 3*m - 6. Let x = m + -5. Is (0 - -1)/(x/(-45)) prime?
False
Let g = 6 - 2. Is 76*((-7)/g - -2) a composite number?
False
Suppose 5*i + 5*k = 2610, 5*k - 103 + 1112 = 2*i. Is i a composite number?
True
Let r(m) = 25*m - 2. Let l(h) = -26*h + 3. Let f(y) = 5*l(y) + 6*r(y). Is f(7) a prime number?
False
Is ((-1896)/(-20))/(16/40) a prime number?
False
Let c(k) = k - 5. Suppose -6*b - 25 = -b. Let o be c(b). Is 4/(-10) - 474/o a prime number?
True
Let i be 1957/5 + 8/(-20). Let c = 660 - i. Is c composite?
False
Suppose 14*m - 155 = 9*m. Is m prime?
True
Let g(z) = 10*z**2 + 5*z + 3. Is g(-12) prime?
False
Suppose -3*g + 4 - 7 = -i, 0 = -3*g + 4*i - 12. Suppose -3*b - 2*h = -983, g = 4*b + b - 5*h - 1680. Is b composite?
False
Suppose 15 = -3*l + 8*l. Suppose -5*m + 5*a + 45 = 0, -l*m + 33 = -m - 5*a. Is m a composite number?
True
Let t(m) = m**2 + 8*m + 2. Let y be t(-3). Let h = y + -5. Is 4/h - (-56)/9 a prime number?
False
Suppose -6992 = -7*y + 1751. Is y a prime number?
True
Let b(j) = j**3 + 8*j**2 + 3*j + 1. Let o(z) = z**2 + 0*z + 9*z - 6 + 2. Let k be o(-9). Is b(k) composite?
False
Suppose -3*z = 2*b + z - 5134, -10279 = -4*b + 3*z. Is b composite?
True
Let y be (-46)/(-4) + (-2)/(-4). Let i(h) = h**3. Let o(x) = 4*x**3 - 11*x**2 - 11*x + 3. Let z(d) = -3*i(d) + o(d). Is z(y) prime?
False
Let y = 114 - 17. Is y a composite number?
False
Suppose 2*b = -5*c + 1570, -2*b - 2*c = -3*c - 1570. Is b composite?
True
Let w(a) = a**2 + 16*a + 1. Let n be w(-16). Is -1 + 2*10/n a prime number?
True
Let z = -3 + 0. Let o(q) = -22*q. Let x be o(z). Let k = 131 - x. Is k prime?
False
Suppose v = -5*f - 2*v + 20, 5 = v. Let g be 1670/20*(1 + f). Suppose 3*k + 2*n - g = 4*n, 2*k = 3*n + 113. Is k a composite number?
True
Let d(b) = b**3 + b**2 - b + 2. Let i be d(0). Suppose i*p = 6*p - 5*g + 10, -5*p + 3*g = 6. Suppose p = -3*s - 195 + 900. Is s a prime number?
False
Let m = -138 + 559. Suppose m - 1131 = -2*p. Is p prime?
False
Let l(d) = -5*d + 6. Suppose 0 = 2*a - 3*a. Suppose -b - 5 = -a*b. Is l(b) composite?
False
Let r be 11/4 + (-2)/(-8). Suppose 5*v = -7 - r. Is 14 + 1 + v - -2 prime?
False
Let b = -53 + 76. Is b prime?
True
Suppose 4*t + 3*a - 6*a - 7 = 0, -2*t + 5 = -a. Let z(k) = 26*k + 6*k - 8*k + 1. Is z(t) composite?
False
Let u(n) = n**3 - n + 1. Let g be u(1). Let q be (6/(-21))/(g/(-7)). Suppose q*y + 118 = 4*y. Is y prime?
True
Let s = -19 + -20. Let u = -17 - s. Is u a prime number?
False
Is (22384/(-48))/(1/(-3)) a composite number?
False
Let m(s) = 315*s + 12. Let b(q) = 105*q + 4. Let k(j) = 7*b(j) - 2*m(j). Is k(2) prime?
False
Suppose -2*s - 3*l = -l - 7086, s = 3*l + 3535. Is s composite?
False
Suppose -2*f = -5*a - 353, 3*f + 2*a + 0*a - 577 = 0. Let n = f + 168. Suppose 0 = 2*b + b - n. Is b a composite number?
True
Let a = 318 - 460. Let i = 7 - a. Is i composite?
False
Let q(i) = 4*i**3 + 2*i + 1. Suppose 0 = 5*p + 3*r - 2*r - 14, -2 = 3*p - 2*r. Is q(p) composite?
False
Suppose h - 3*c = -3*h + 72, h = -3*c + 33. Is h a composite number?
True
Let z be (48/(-40))/(1/(-5)). Let i(m) = -3*m + 13*m + 5*m - 5. Is i(z) prime?
False
Suppose 0 = -2*o - 2*o + 104. Let z = 15 + -13. Suppose -3*i + o = -z*q - 75, -4*i - 3*q + 112 = 0. Is i a composite number?
False
Let g = 1427 + 54. Is g a composite number?
False
Let a = -1 + 0. Let p = a + 4. Is ((-62)/(-1 + p))/(-1) prime?
True
Let q(o) = -6*o - 4. Let d be q(3). Is (d*13)/(0 - 2) composite?
True
Suppose -5*l + l + 12 = -z, 0 = -2*z. Suppose -l*s - 2*s = 0. Suppose -4*j + 2*j + 106 = s. Is j a prime number?
True
Let g(l) = -94*l + 13. Let z(x) = 31*x - 4. Let d(a) = -2*g(a) - 7*z(a). Is d(-3) composite?
False
Suppose 0 - 3 = -z. Suppose -z*b - b + 340 = 0. Is b composite?
True
Let c(p) = 2*p**3 - 7*p**2 - 4*p + 11. Is c(12) composite?
False
Suppose 3*t - 83 = -l, -389 = -5*l - 0*l - 2*t. Is l composite?
True
Suppose -3*v + 2365 - 574 = 0. Is v a composite number?
True
Let a(d) = 143*d + 2. Is a(1) a prime number?
False
Suppose 5*p = -3*d + 40, -3*p + 3*d = p - 5. Suppose 0 = p*y - y - 764. Is y composite?
False
Is -1 + -3 + (334 - 11) a prime number?
False
Suppose w = 1 + 3. Let d be 1 + -1 + w/(-4). Is d/(-2*(-3)/(-90)) a composite number?
True
Let y(s) = -2*s**2 + 4*s - 2. Let k be y(2). Let m(j) = -6*j - 1. Is m(k) a prime number?
True
Let g(j) = -7*j + 3. Let w = 6 + -5. Let n(a) = a - 1. Let u(f) = w*g(f) + 5*n(f). Is u(-8) a prime number?
False
Let s = -273 - -844. Is s a composite number?
False
Let d(n) be the second derivative of 32*n**3/3 + 3*n**2/2 - 4*n. Is d(4) prime?
False
Let g(k) = -8*k**3 - 3*k**2 + 5*k - 1. Is g(-5) a prime number?
False
Is 0/(-1) - (1 - (-1 - -9)) composite?
False
Suppose 2*g + 4 = 2. Let n = 6 + g. Suppose 4*v - 177 = -5*i - 43, -2*i + 159 = n*v. Is v a composite number?
False
Suppose -49 - 7